{"id":5,"date":"2023-04-23T16:06:55","date_gmt":"2023-04-23T16:06:55","guid":{"rendered":"https:\/\/smarthlon.com\/?page_id=5"},"modified":"2023-04-23T16:06:55","modified_gmt":"2023-04-23T16:06:55","slug":"impressum","status":"publish","type":"page","link":"https:\/\/smarthlon.com\/?page_id=5","title":{"rendered":"Impressum"},"content":{"rendered":"\n<p id=\"block-2c4d574b-4aa5-48fb-95f1-d9872228fc95\">Der Missbrauch folgender, gesetzlich vorgeschriebener Angaben wird als unzul\u00e4ssiger Eingriff in den gesch\u00e4ftlichen Betrieb ( \u00a7823 Absatz 1 BGB ) geahndet.<\/p>\n\n\n\n<p id=\"block-ff74cc83-8c96-41ef-b3ca-6fda8ff3b93b\"><strong>Postanschrift:<\/strong><\/p>\n\n\n\n<p id=\"block-383b5f52-2601-4ccf-b725-cf201f4e4307\">Smarthlon GmbH<\/p>\n\n\n\n<p id=\"block-f3559a61-d7bf-4289-989e-e6efb4a56931\">Hagnaustr. 25<\/p>\n\n\n\n<p id=\"block-44e73785-3de7-4704-be2e-2621f731e339\">CH-4132 Muttenz<\/p>\n\n\n\n<p id=\"block-5e92dfa7-f5fc-425d-a256-daa058599e3d\">Telefon :+41 75 499 7777<\/p>\n\n\n\n<p id=\"block-b29432d0-a3c6-494e-a573-260cc6b658ab\">E-Mail : info@smarthlon.com<\/p>\n\n\n\n<p id=\"block-680ce3a8-5792-498e-bbf2-832d3c8b4300\">Internet : www.@smarthlon.com<\/p>\n\n\n\n<p id=\"block-89ad2c0c-7992-4e6a-b9c9-9379a33eb7ea\">Amtsgericht Offenbach am Main : HBR 52662<\/p>\n\n\n\n<p>UID: CHE-337.391.400<\/p>\n\n\n\n<p id=\"block-8a058ac2-e68e-47ed-9c43-61284a41342d\"><\/p>\n\n\n\n<p id=\"block-43fef646-c39b-4ad4-b175-ffdee49634a4\"><strong>Inhaltlich Verantwortliche:<\/strong><\/p>\n\n\n\n<p id=\"block-3c5a4314-d822-4bca-b02d-9ecd0807e09b\"><strong>Haftungshinweis:<\/strong><\/p>\n\n\n\n<p id=\"block-2766de66-100d-40c5-9ce2-cc06f0f44b50\">Trotz sorgf\u00e4ltiger inhaltlicher Kontrolle \u00fcbernehmen wir keine Haftung f\u00fcr die Inhalte externer Links. F\u00fcr den Inhalt der verlinkten Seiten sind ausschlie\u00dflich deren Betreiber verantwortlich.<\/p>\n\n\n\n<p id=\"block-b7ff5f58-82c0-4d33-b52c-5a68ee65d331\"><strong>Urheberrecht<\/strong><\/p>\n\n\n\n<p id=\"block-d2098305-73c8-42a1-820a-d926100d82c5\">Copyright 2023 Smarthlon GmbH. Alle Rechte vorbehalten. Inhalt und Struktur der Korsmann-Websites unterliegen dem Urheberrecht und anderen Gesetzen zum Schutz geistigen Eigentums. Die Verbreitung oder Ver\u00e4nderung des Inhalts dieser Seiten ist nicht gestattet, des Weiteren darf er weder zu kommerziellen Zwecken kopiert noch Dritten zug\u00e4nglich gemacht werden. Dem Urheberrecht unterliegen auch die Bilder, die der Smarthlon GmbH von Dritten zur Verf\u00fcgung gestellt wurden.<\/p>\n\n\n\n<p id=\"block-6a7a003d-8ecb-491f-8356-f5c3577d9340\"><strong>Gew\u00e4hrleistungs-Ausschluss<\/strong><\/p>\n\n\n\n<p id=\"block-f0e5dfec-1cb5-4969-b0de-5a63a6f13cb3\">Die Informationen, die die Smarthlon GmbH auf ihren Websites zur Verf\u00fcgung stellt, unterliegen einer st\u00e4ndigen Kontrolle und werden laufend aktualisiert. Jedoch ist es m\u00f6glich, dass sich Daten trotz sorgf\u00e4ltigster \u00dcberpr\u00fcfung inzwischen ver\u00e4ndert haben. Aus diesem Grund \u00fcbernimmt Smarthlon GmbH keine Haftung oder Garantie hinsichtlich der Genauigkeit, Vollst\u00e4ndigkeit und Aktualit\u00e4t der auf diesen Seiten gegebenen Informationen. Dies gilt ebenfalls f\u00fcr alle Websites, auf die in diesem Auftritt per Hyperlink verwiesen wird. Die Korsmann GmbH haftet nicht f\u00fcr den Inhalt derartiger Seiten. Ferner beh\u00e4lt sich die Smarthlon GmbH das Recht vor, die zur Verf\u00fcgung gestellten Informationen zu \u00e4ndern oder zu erg\u00e4nzen. Seiten, die Aussagen enthalten, welche sich auf die Zukunft beziehen, bauen auf der \u00dcberzeugung des Managements von der Smarthlon GmbH auf und unterliegen Risiken und Unsicherheiten. Die Smarthlon GmbH weist jede Absicht oder Verpflichtung von sich, diese in die Zukunft gerichteten Aussagen zu aktualisieren.<\/p>\n","protected":false},"excerpt":{"rendered":"<p>Der Missbrauch folgender, gesetzlich vorgeschriebener Angaben wird als unzul\u00e4ssiger Eingriff in den gesch\u00e4ftlichen Betrieb ( \u00a7823 Absatz 1 BGB ) geahndet. Postanschrift: Smarthlon GmbH Hagnaustr. 25 CH-4132 Muttenz Telefon :+41 75 499 7777 E-Mail : info@smarthlon.com Internet : www.@smarthlon.com Amtsgericht Offenbach am Main : HBR 52662 UID: CHE-337.391.400 Inhaltlich Verantwortliche: Haftungshinweis: Trotz sorgf\u00e4ltiger inhaltlicher Kontrolle [&hellip;]<\/p>\n","protected":false},"author":1,"featured_media":0,"parent":0,"menu_order":0,"comment_status":"closed","ping_status":"closed","template":"","meta":{"footnotes":""},"class_list":["post-5","page","type-page","status-publish","hentry"],"_links":{"self":[{"href":"https:\/\/smarthlon.com\/index.php?rest_route=\/wp\/v2\/pages\/5","targetHints":{"allow":["GET"]}}],"collection":[{"href":"https:\/\/smarthlon.com\/index.php?rest_route=\/wp\/v2\/pages"}],"about":[{"href":"https:\/\/smarthlon.com\/index.php?rest_route=\/wp\/v2\/types\/page"}],"author":[{"embeddable":true,"href":"https:\/\/smarthlon.com\/index.php?rest_route=\/wp\/v2\/users\/1"}],"replies":[{"embeddable":true,"href":"https:\/\/smarthlon.com\/index.php?rest_route=%2Fwp%2Fv2%2Fcomments&post=5"}],"version-history":[{"count":1,"href":"https:\/\/smarthlon.com\/index.php?rest_route=\/wp\/v2\/pages\/5\/revisions"}],"predecessor-version":[{"id":7,"href":"https:\/\/smarthlon.com\/index.php?rest_route=\/wp\/v2\/pages\/5\/revisions\/7"}],"wp:attachment":[{"href":"https:\/\/smarthlon.com\/index.php?rest_route=%2Fwp%2Fv2%2Fmedia&parent=5"}],"curies":[{"name":"wp","href":"https:\/\/api.w.org\/{rel}","templated":true}]}}